{"id":106,"date":"2025-07-14T01:30:32","date_gmt":"2025-07-14T00:30:32","guid":{"rendered":"https:\/\/pokestop.uk\/?post_type=product&#038;p=106"},"modified":"2025-09-24T19:40:34","modified_gmt":"2025-09-24T18:40:34","slug":"an-adventure-to-awaken-the-power-within","status":"publish","type":"product","link":"https:\/\/pokestop.uk\/?product=an-adventure-to-awaken-the-power-within","title":{"rendered":"TCG: Scarlet &#038; Violet\u2014Stellar Crown Elite Trainer Box"},"content":{"rendered":"<p>Descend into a world below the surface and discover the true potential of the Terastal phenomenon! The Legendary Pok\u00e9mon Terapagos takes the throne, joined by Cinderace ex, Lapras ex, and Galvantula ex, all wielding brilliant new powers as Stellar Tera Pok\u00e9mon ex. The newly discovered Hydrapple ex leads even more Pok\u00e9mon ex into battle, and ACE SPECcards continue to shake up the game in the Pok\u00e9mon TCG: Scarlet &amp; Violet\u2014Stellar Crown expansion!<br \/>\nThe Pok\u00e9mon TCG: Scarlet &amp; Violet\u2014Stellar Crown Elite Trainer Box includes:<br \/>\n\u2022\u00a0\u00a0\u00a0\u00a011 Pok\u00e9mon TCG: Scarlet &amp; Violet\u2014Stellar Crown booster packs<br \/>\n\u2022\u00a0\u00a0\u00a0\u00a0Each booster pack contains 10 cards and 1 Basic Energy. Cards vary by pack.<br \/>\n\u2022\u00a0\u00a0\u00a0\u00a01 full-art foil promo card featuring Noctowl with a Pok\u00e9mon Center logo<br \/>\n\u2022\u00a0\u00a0\u00a0\u00a01 full-art foil promo card featuring Noctowl<br \/>\n\u2022\u00a0\u00a0\u00a0\u00a065 card sleeves featuring Stellar Form Terapagos<br \/>\n\u2022\u00a0\u00a0\u00a0\u00a045 Pok\u00e9mon TCG Energy cards<br \/>\n\u2022\u00a0\u00a0\u00a0\u00a0A player\u2019s guide to the Scarlet &amp; Violet\u2014Stellar Crown expansion<br \/>\n\u2022\u00a0\u00a0\u00a0\u00a06 damage-counter dice<br \/>\n\u2022\u00a0\u00a0\u00a0\u00a01 competition-legal coin-flip die<br \/>\n\u2022\u00a0\u00a0\u00a0\u00a02 plastic condition markers<br \/>\n\u2022\u00a0\u00a0\u00a0\u00a0A box to hold everything, with 4 dividers to keep it organized<br \/>\n\u2022\u00a0\u00a0\u00a0\u00a0A code card for Pok\u00e9mon Trading Card Game Live<\/p>\n","protected":false},"excerpt":{"rendered":"<p>Descend into a world below the surface and discover the true potential of the Terastal phenomenon! The Legendary Pok\u00e9mon Terapagos takes the throne, joined by Cinderace ex, Lapras ex, and Galvantula ex, all wielding brilliant new powers as Stellar Tera Pok\u00e9mon ex. The newly discovered Hydrapple ex leads even more Pok\u00e9mon ex into battle, and [&hellip;]<\/p>\n","protected":false},"featured_media":220,"comment_status":"open","ping_status":"closed","template":"","meta":[],"product_brand":[],"product_cat":[20],"product_tag":[],"class_list":{"0":"post-106","1":"product","2":"type-product","3":"status-publish","4":"has-post-thumbnail","6":"product_cat-pokemon-tcg","8":"first","9":"outofstock","10":"shipping-taxable","11":"purchasable","12":"product-type-simple"},"jetpack_sharing_enabled":true,"_links":{"self":[{"href":"https:\/\/pokestop.uk\/index.php?rest_route=\/wp\/v2\/product\/106","targetHints":{"allow":["GET"]}}],"collection":[{"href":"https:\/\/pokestop.uk\/index.php?rest_route=\/wp\/v2\/product"}],"about":[{"href":"https:\/\/pokestop.uk\/index.php?rest_route=\/wp\/v2\/types\/product"}],"replies":[{"embeddable":true,"href":"https:\/\/pokestop.uk\/index.php?rest_route=%2Fwp%2Fv2%2Fcomments&post=106"}],"wp:featuredmedia":[{"embeddable":true,"href":"https:\/\/pokestop.uk\/index.php?rest_route=\/wp\/v2\/media\/220"}],"wp:attachment":[{"href":"https:\/\/pokestop.uk\/index.php?rest_route=%2Fwp%2Fv2%2Fmedia&parent=106"}],"wp:term":[{"taxonomy":"product_brand","embeddable":true,"href":"https:\/\/pokestop.uk\/index.php?rest_route=%2Fwp%2Fv2%2Fproduct_brand&post=106"},{"taxonomy":"product_cat","embeddable":true,"href":"https:\/\/pokestop.uk\/index.php?rest_route=%2Fwp%2Fv2%2Fproduct_cat&post=106"},{"taxonomy":"product_tag","embeddable":true,"href":"https:\/\/pokestop.uk\/index.php?rest_route=%2Fwp%2Fv2%2Fproduct_tag&post=106"}],"curies":[{"name":"wp","href":"https:\/\/api.w.org\/{rel}","templated":true}]}}