{"id":102,"date":"2025-07-14T01:28:05","date_gmt":"2025-07-14T00:28:05","guid":{"rendered":"https:\/\/pokestop.uk\/?post_type=product&#038;p=102"},"modified":"2025-09-24T19:40:34","modified_gmt":"2025-09-24T18:40:34","slug":"get-up-go-battle","status":"publish","type":"product","link":"https:\/\/pokestop.uk\/?product=get-up-go-battle","title":{"rendered":"TCG: Pok\u00e9mon GO Elite Trainer Box Plus"},"content":{"rendered":"<p>Gear up for battle like never before as Pok\u00e9mon GO meets the Pok\u00e9mon Trading Card Game! Dragonite VSTAR and Mewtwo VSTAR show off immense powers, while Melmetal VMAX in its Gigantamax form smashes the competition. Appearing as sought-after Shiny Pok\u00e9mon, Radiant Venusaur, Radiant Charizard, and Radiant Blastoise bring dazzling new strategies to the battlefield. Meanwhile, the leaders of Team Instinct, Team Mystic, and Team Valor are ready to show their support in the Pok\u00e9mon TCG: Pok\u00e9mon GO expansion!<br \/>\nThis Pok\u00e9mon TCG: Pok\u00e9mon GO Elite Trainer Box Plus can be found only at Pok\u00e9mon Center and comes with exclusive accessories\u2014a deck box, metal dice, metal coin, and metal condition markers\u2014plus 12 booster packs (two more than in a standard Pok\u00e9mon GO Elite Trainer Box).<br \/>\n\u2022\u00a0\u00a0\u00a0\u00a012 Pok\u00e9mon TCG: Pok\u00e9mon GO booster packs<br \/>\n\u2022\u00a0\u00a0\u00a0\u00a0Each booster pack contains 10 cards and either 1 basic Energy or 1 VSTAR marker. Cards vary by pack.<br \/>\n\u2022\u00a0\u00a0\u00a0\u00a01 full-art foil promo card featuring Mewtwo V<br \/>\n\u2022\u00a0\u00a0\u00a0\u00a065 card sleeves featuring Mewtwo<br \/>\n\u2022\u00a0\u00a0\u00a0\u00a01 deck box featuring Mewtwo<br \/>\n\u2022\u00a0\u00a0\u00a0\u00a045 Pok\u00e9mon TCG Energy cards<br \/>\n\u2022\u00a0\u00a0\u00a0\u00a0A player\u2019s guide to the Pok\u00e9mon GOexpansion<br \/>\n\u2022\u00a0\u00a0\u00a0\u00a06 metal damage-counter dice<br \/>\n\u2022\u00a0\u00a0\u00a0\u00a01 metal coin<br \/>\n\u2022\u00a0\u00a0\u00a0\u00a02 metal condition markers<br \/>\n\u2022\u00a0\u00a0\u00a0\u00a01 acrylic VSTAR marker<br \/>\n\u2022\u00a0\u00a0\u00a0\u00a0A box to hold everything, with 4 dividers to keep it organized<br \/>\n\u2022\u00a0\u00a0\u00a0\u00a0A code card for Pok\u00e9mon Trading Card Game Live<\/p>\n","protected":false},"excerpt":{"rendered":"<p>Gear up for battle like never before as Pok\u00e9mon GO meets the Pok\u00e9mon Trading Card Game! Dragonite VSTAR and Mewtwo VSTAR show off immense powers, while Melmetal VMAX in its Gigantamax form smashes the competition. Appearing as sought-after Shiny Pok\u00e9mon, Radiant Venusaur, Radiant Charizard, and Radiant Blastoise bring dazzling new strategies to the battlefield. Meanwhile, [&hellip;]<\/p>\n","protected":false},"featured_media":222,"comment_status":"open","ping_status":"closed","template":"","meta":[],"product_brand":[],"product_cat":[20],"product_tag":[],"class_list":{"0":"post-102","1":"product","2":"type-product","3":"status-publish","4":"has-post-thumbnail","6":"product_cat-pokemon-tcg","8":"first","9":"outofstock","10":"shipping-taxable","11":"purchasable","12":"product-type-simple"},"jetpack_sharing_enabled":true,"_links":{"self":[{"href":"https:\/\/pokestop.uk\/index.php?rest_route=\/wp\/v2\/product\/102","targetHints":{"allow":["GET"]}}],"collection":[{"href":"https:\/\/pokestop.uk\/index.php?rest_route=\/wp\/v2\/product"}],"about":[{"href":"https:\/\/pokestop.uk\/index.php?rest_route=\/wp\/v2\/types\/product"}],"replies":[{"embeddable":true,"href":"https:\/\/pokestop.uk\/index.php?rest_route=%2Fwp%2Fv2%2Fcomments&post=102"}],"wp:featuredmedia":[{"embeddable":true,"href":"https:\/\/pokestop.uk\/index.php?rest_route=\/wp\/v2\/media\/222"}],"wp:attachment":[{"href":"https:\/\/pokestop.uk\/index.php?rest_route=%2Fwp%2Fv2%2Fmedia&parent=102"}],"wp:term":[{"taxonomy":"product_brand","embeddable":true,"href":"https:\/\/pokestop.uk\/index.php?rest_route=%2Fwp%2Fv2%2Fproduct_brand&post=102"},{"taxonomy":"product_cat","embeddable":true,"href":"https:\/\/pokestop.uk\/index.php?rest_route=%2Fwp%2Fv2%2Fproduct_cat&post=102"},{"taxonomy":"product_tag","embeddable":true,"href":"https:\/\/pokestop.uk\/index.php?rest_route=%2Fwp%2Fv2%2Fproduct_tag&post=102"}],"curies":[{"name":"wp","href":"https:\/\/api.w.org\/{rel}","templated":true}]}}